factor of 80 and 8850?
10
What is the greatest common factor of 496 and 9554200?
248
Calculate the highest common factor of 140 and 2500.
20
What is the greatest common factor of 56 and 76748?
28
Calculate the highest common divisor of 10433 and 1.
1
What is the greatest common factor of 1264 and 537832?
632
What is the highest common divisor of 18795 and 7161?
21
What is the highest common divisor of 936 and 776?
8
Calculate the highest common factor of 11374 and 4114.
242
What is the highest common divisor of 4575 and 850?
25
Calculate the highest common factor of 666 and 711.
9
What is the greatest common divisor of 969 and 3417?
51
What is the greatest common divisor of 93985 and 30?
5
What is the highest common divisor of 88265 and 17145?
635
What is the greatest common factor of 312 and 1017588?
156
Calculate the highest common factor of 1917502 and 934.
934
Calculate the highest common divisor of 559 and 7896434.
559
Calculate the greatest common divisor of 205180 and 540.
20
Calculate the greatest common factor of 1338208 and 2945.
589
Calculate the highest common divisor of 153255 and 204.
51
Calculate the greatest common factor of 1517 and 351.
1
Calculate the highest common divisor of 20 and 8956.
4
Calculate the greatest common divisor of 23830 and 370.
10
What is the greatest common divisor of 1939020 and 1020?
1020
What is the greatest common divisor of 2 and 20050?
2
What is the highest common factor of 71610 and 3696?
462
What is the highest common divisor of 4878 and 1332?
18
Calculate the greatest common factor of 18271 and 370403.
1661
Calculate the highest common factor of 86240 and 12880.
560
Calculate the greatest common divisor of 1058 and 35788.
46
Calculate the greatest common factor of 1185 and 60735.
15
Calculate the greatest common divisor of 837 and 751347.
279
What is the highest common factor of 25344 and 324?
36
What is the greatest common divisor of 3094 and 8918?
182
What is the greatest common divisor of 150 and 1148500?
50
What is the highest common divisor of 54 and 5862?
6
Calculate the highest common divisor of 16 and 40466.
2
Calculate the highest common factor of 4920 and 60885.
615
Calculate the greatest common divisor of 59584 and 497.
7
What is the greatest common divisor of 120 and 1465?
5
What is the greatest common divisor of 300 and 132100?
100
What is the greatest common divisor of 113640 and 160?
40
Calculate the greatest common factor of 278660 and 100.
20
What is the greatest common factor of 2247 and 987?
21
Calculate the highest common divisor of 5100 and 450.
150
Calculate the highest common factor of 9608 and 24.
8
Calculate the highest common factor of 222 and 17242.
74
Calculate the highest common factor of 228 and 13794.
114
Calculate the highest common factor of 178580 and 5.
5
Calculate the highest common divisor of 2483 and 6112.
191
Calculate the greatest common factor of 1586 and 182.
26
Calculate the highest common factor of 11267 and 1007.
19
What is the highest common factor of 662 and 580574?
662
Calculate the highest common divisor of 2575 and 2300.
25
What is the greatest common factor of 15151 and 109?
109
Calculate the greatest common factor of 172 and 1100241.
43
What is the greatest common divisor of 253 and 695290?
23
What is the greatest common factor of 309 and 170877?
309
What is the greatest common divisor of 1693024 and 64?
32
Calculate the greatest common divisor of 4689 and 4005.
9
Calculate the greatest common divisor of 274862 and 3248.
406
What is the highest common factor of 2112 and 2288?
176
Calculate the greatest common divisor of 43659 and 81.
81
What is the greatest common divisor of 14856 and 49968?
24
Calculate the highest common factor of 615 and 9480.
15
Calculate the greatest common divisor of 24258 and 312.
78
What is the highest common divisor of 4102 and 266?
14
Calculate the greatest common divisor of 65401 and 14.
7
What is the greatest common factor of 788 and 577998?
394
What is the greatest common divisor of 1368360 and 24?
24
Calculate the greatest common factor of 3893 and 204.
17
What is the highest common factor of 1072 and 120?
8
Calculate the highest common factor of 1175 and 22701.
47
Calculate the highest common factor of 99372 and 1029.
147
Calculate the highest common divisor of 98092 and 548.
548
Calculate the highest common divisor of 47745 and 540.
45
What is the highest common divisor of 1472 and 570308?
92
What is the highest common factor of 12 and 173388?
12
Calculate the highest common factor of 2369 and 6901.
103
Calculate the greatest common divisor of 670816 and 16.
16
Calculate the greatest common factor of 40 and 1660376.
8
Calculate the highest common factor of 720180 and 900.
180
What is the highest common divisor of 328 and 120?
8
What is the highest common divisor of 142445 and 465?
155
Calculate the highest common divisor of 861263 and 3104.
97
Calculate the greatest common factor of 346695 and 1740.
435
What is the highest common factor of 1558185 and 1825?
365
What is the highest common divisor of 108682 and 686?
98
What is the highest common divisor of 55865 and 5?
5
Calculate the highest common divisor of 86845 and 5.
5
Calculate the highest common divisor of 5438143 and 4682.
2341
What is the greatest common divisor of 20038 and 7922?
466
Calculate the greatest common factor of 242392 and 656.
328
Calculate the greatest common divisor of 5522 and 286.
22
What is the highest common divisor of 250180 and 980?
140
Calculate the highest common factor of 39 and 19279.
13
What is the greatest common divisor of 57671 and 303?
101
What is the greatest common factor of 836 and 298832?
76
What is the greatest common divisor of 608 and 4104?
152
What is the highest common divisor of 65398 and 76?
38
What is the highest common factor of 8257 and 713?
23
What is the greatest common divisor of 12198 and 798?
114
Calculate the highest common factor of 1228305 and 195.
195
What is the highest common divisor of 1894 and 53?
1
Calculate the greatest common divisor of 494032 and 154.
154
What is the greatest common factor of 273 and 496977?
39
What is the highest common factor of 459550 and 5656?
1414
Calculate the highest common divisor of 1148 and 56.
28
Calculate the greatest common divisor of 90 and 532590.
30
What is the greatest common factor of 21 and 145201?
7
What is the greatest common divisor of 2724 and 82401?
681
Calculate the greatest common factor of 10 and 68270.
10
Calculate the greatest common divisor of 14 and 272678.
14
Calculate the greatest common divisor of 10165 and 76.
19
Calculate the highest common factor of 2 and 52702.
2
Calculate the greatest common divisor of 53 and 465287.
53
What is the highest common factor of 642 and 1003232?
214
What is the highest common factor of 4 and 1318?
2
Calculate the greatest common divisor of 16 and 21136.
16
Calculate the highest common divisor of 266 and 2471.
7
What is the greatest common divisor of 22300 and 100?
100
Calculate the highest common factor of 233302 and 314.
314
What is the greatest common factor of 36636 and 516?
516
Calculate the greatest common factor of 5 and 55411.
1
What is the highest common factor of 57164 and 124?
124
Calculate the greatest common divisor of 3917 and 8.
1
Calculate the greatest common divisor of 1964 and 28969.
491
What is the highest common factor of 376326 and 1794?
138
What is the highest common divisor of 875 and 71925?
175
What is the greatest common factor of 2480 and 500?
20
What is the highest common divisor of 169839 and 3051?
1017
Calculate the highest common divisor of 6430 and 20.
10
What is the highest common factor of 228 and 88578?
114
Calculate the highest common factor of 45 and 3780.
45
Calculate the greatest common factor of 257 and 54227.
257
What is the greatest common divisor of 3614086 and 518?
518
Calculate the highest common factor of 18030 and 315.
15
What is the greatest common factor of 195 and 39165?
15
Calculate the greatest common factor of 23977 and 2.
1
Calculate the highest common factor of 1644958 and 14.
14
What is the greatest common divisor of 918 and 1566?
54
Calculate the highest common divisor of 1042301 and 26.
13
What is the highest common factor of 1956 and 92095?
163
Calcula